Let m(o) = 2*o**2 - 26*o - 58. What is m(15)?
2
Let n(q) = 16*q**3 - q**2 + q - 1. What is n(1)?
15
Let s(w) = -w**3 - 2*w**2 - 3*w - 3. Calculate s(-2).
3
Let q(p) = p - 20. What is q(12)?
-8
Let u(q) = q - 5. Give u(3).
-2
Let o(y) = y**3 - 2*y + 1. What is o(-2)?
-3
Let b(z) = -17*z - 1. What is b(-1)?
16
Let p(w) = -2*w**2 - 27*w - 56. Calculate p(-10).
14
Let w(d) = -d**3 + 6*d**2 - 7*d + 1. Calculate w(5).
-9
Let d(g) = -g**2 + 22*g - 39. Determine d(20).
1
Let t(c) = c**2 + 3*c - 10. Determine t(-7).
18
Let r(i) = -2*i**2 - 6*i - 3. Determine r(-3).
-3
Let y(j) = -j**3 + 5*j**2 - 2*j + 3. What is y(4)?
11
Let w(n) = -26*n**3 - 4*n**2 + 2*n + 1. Give w(1).
-27
Let d(z) = -20*z - 4. What is d(-1)?
16
Let q(y) = -y**3 + y**2 - y - 7. Calculate q(0).
-7
Let v(c) = c**3 + 22*c**2 + 45*c + 103. What is v(-20)?
3
Let w(h) = -12*h**2 + 3*h - 2. Calculate w(1).
-11
Let c(l) = l**2 - 4*l + 3. Give c(4).
3
Let b(h) = -5*h + 79. Calculate b(15).
4
Let a(c) = -2*c**2 + 16*c - 43. Give a(8).
-43
Let p(a) = -3*a**2 - 2*a + 60. What is p(6)?
-60
Let d(h) = 21*h + 107. Determine d(-5).
2
Let a(b) = -2*b**2 - 5*b - 5. Give a(-3).
-8
Let o(z) = -z**3 - 13*z**2 - 4*z - 54. What is o(-13)?
-2
Let q(k) = 19*k - 102. What is q(5)?
-7
Let r(z) = z**2 - 13*z - 87. What is r(18)?
3
Let u(b) = -b**2 - 19*b - 28. Determine u(-15).
32
Let l(f) = 2*f + 10. Give l(-3).
4
Let a(i) = i**2 + 12*i - 31. Calculate a(-12).
-31
Let z(i) = i**3 - 9*i**2 + 6*i + 10. What is z(8)?
-6
Let x(d) = -d**3 - 3*d**2 + 23*d + 14. Give x(-6).
-16
Let u(t) = -t**2 - 2*t + 16. Determine u(3).
1
Let g(z) = -z**2 + 7*z + 6. Calculate g(-5).
-54
Let k(g) = -5*g + 7. Determine k(2).
-3
Let l(c) = 3*c. Determine l(1).
3
Let i(y) = y**3 + 4*y**2 - 7. Determine i(-3).
2
Let p(j) = 12*j. Determine p(2).
24
Let j(t) = t**2 + 16*t + 14. What is j(-15)?
-1
Let y(i) = i - 12. Calculate y(7).
-5
Let n(u) = u**3 - 2*u + 7. What is n(2)?
11
Let q(i) = -i**3 - 7*i**2 + 12*i - 8. Determine q(-9).
46
Let j(x) = 8*x + 5. Determine j(-2).
-11
Let y(s) = -s**3 - 3*s**2 + 5*s + 1. What is y(-4)?
-3
Let g(i) = -5*i - 32. Calculate g(-15).
43
Let s(t) = 2*t**2 + 4*t - 4. Give s(-5).
26
Let n(d) = d**2 + 2*d - 1. Calculate n(-2).
-1
Let p(l) = -l**3 + l**2 - 5*l + 7. Give p(3).
-26
Let q(i) = i**3 + 7*i**2 + 17*i + 17. Give q(-4).
-3
Let w(g) = g**3 - 11*g**2 + 3*g - 1. Calculate w(10).
-71
Let s(c) = -3*c + 44. Calculate s(13).
5
Let k(s) = s**2 - 7*s + 2. Give k(8).
10
Let h(j) = -j + 3. What is h(7)?
-4
Let o(d) = 8*d - 10. Give o(-3).
-34
Let s(j) = j**3 - 2*j**2 + j - 7. Determine s(3).
5
Let m(z) = -2*z**3 - 3*z**2 - z + 2. What is m(-3)?
32
Let a(p) = 9*p - 27. Determine a(3).
0
Let c(z) = z**2 - 8*z + 3. What is c(3)?
-12
Let m(z) = -6*z**3 - 2*z - 4. What is m(-2)?
48
Let b(p) = -p**2 + 4*p + 3. Calculate b(-2).
-9
Let s(r) = -2*r - 2. Determine s(6).
-14
Let d(z) = -24*z - 21. Determine d(0).
-21
Let k(m) = 14*m + 1. What is k(1)?
15
Let o(i) = -4*i**2 - 32*i + 5. Determine o(-8).
5
Let x(f) = f**3 - 2*f**2 + 8*f - 21. Give x(3).
12
Let v(y) = y + 2. What is v(14)?
16
Let g(u) = u**3 - 7*u**2 - 17*u - 6. What is g(9)?
3
Let y(w) = 7*w - 44. What is y(5)?
-9
Let p(v) = -v**2 + 3*v - 2. Determine p(-4).
-30
Let z(c) = c**3 - 4*c**2 + 5*c - 3. Give z(4).
17
Let o(k) = -5*k + 203. Give o(42).
-7
Let y(l) = l**3 - 2*l**2 - 2*l - 4. Calculate y(3).
-1
Let p(h) = h**3 + 14*h**2 + 15*h + 15. Give p(-13).
-11
Let m(i) = -2*i**3 + i**2 - i + 7. Give m(2).
-7
Let g(i) = -3*i - 47. Give g(-12).
-11
Let o(l) = l - 9. What is o(18)?
9
Let d(n) = -3*n + 3. Determine d(2).
-3
Let h(l) = l**2 + 10*l - 5. Give h(-10).
-5
Let l(r) = -5*r - 26. Give l(0).
-26
Let r(f) = f - 12. Give r(8).
-4
Let j(l) = -l**2 - l. Determine j(2).
-6
Let b(k) = -9*k - 142. Determine b(-16).
2
Let x(g) = g**2 - g - 84. Calculate x(0).
-84
Let f(r) = 2*r**3 - 3*r**2 - 4*r - 1. Give f(3).
14
Let t(h) = -h**2 + 11*h - 17. What is t(11)?
-17
Let i(a) = 2*a**2 - 12*a + 12. What is i(4)?
-4
Let x(j) = -2*j**2 + 7*j - 9. Calculate x(4).
-13
Let d(j) = -j**2 + 5*j + 1. Calculate d(6).
-5
Let i(u) = -u**3 + 33*u**2 - 62*u - 1. Give i(31).
-1
Let c(q) = q + 1. Calculate c(1).
2
Let u(s) = s**3 + 9*s**2 - s - 8. Give u(-9).
1
Let z(q) = q**3 - 15*q**2 - 2*q + 22. Give z(15).
-8
Let z(w) = -8*w + 44. What is z(-8)?
108
Let z(w) = -w**3 + 5*w**2 + 8*w + 17. Calculate z(8).
-111
Let p(v) = 47*v - 2. Calculate p(1).
45
Let o(r) = -6*r**2 + 3*r + 10. Determine o(5).
-125
Let j(o) = 2*o**2 + 6*o + 5. Give j(-6).
41
Let w(c) = -c**3 + 3*c**2 + 3*c - 3. Determine w(4).
-7
Let b(x) = -17*x + 18. What is b(1)?
1
Let k(a) = a**3 - 7*a**2 + 6*a - 4. Calculate k(6).
-4
Let z(a) = -2*a**2 - 66*a + 552. Calculate z(7).
-8
Let y(w) = w**2 - 5*w + 2. Give y(7).
16
Let a(l) = -l**3 - 3*l**2 + 6*l - 3. What is a(-4)?
-11
Let z(u) = u**3 - 4*u**2 - 3. What is z(3)?
-12
Let v(b) = -b + 17. Give v(16).
1
Let k(i) = i**3 + 3*i**2 - 3*i - 2. Calculate k(-4).
-6
Let g(q) = -q**3 - 5*q**2 + 6*q + 8. What is g(-6)?
8
Let n(f) = f**2 + 41*f + 51. Calculate n(-41).
51
Let b(u) = 2*u**2 - 39*u - 29. Give b(21).
34
Let s(h) = -2*h - 20. Calculate s(-8).
-4
Let p(q) = q**2 + 2*q - 1. What is p(-5)?
14
Let h(z) = -z - 13. Calculate h(-11).
-2
Let u(m) = 38*m + 17. Determine u(0).
17
Let h(j) = 26*j + 452. Calculate h(-19).
-42
Let o(i) = -i**2 - i + 161. Calculate o(-12).
29
Let a(r) = -r**3 - 11*r**2 + 11*r - 19. What is a(-12)?
-7
Let t(u) = -2*u**3 - 7*u**2 + 14*u + 10. Give t(-5).
15
Let f(r) = -r**3 - r**2 + 22*r + 7. Determine f(-5).
-3
Let l(m) = -m**2 + 7*m + 2. Calculate l(6).
8
Let x(l) = -3*l + 1. Calculate x(8).
-23
Let n(b) = -b**3 - 14*b**2 - 20*b - 280. Give n(-14).
0
Let f(i) = -2*i - 16. Determine f(0).
-16
Let h(g) = g**3 + 9*g**2 + 15*g - 11. Calculate h(-7).
-18
Let v(x) = 2*x**3 - 43*x**2 + 63*x - 61. Calculate v(20).
-1
Let i(s) = 10*s**2 + 45*s - 46. Give i(1).
9
Let x(a) = a**3 - 6*a**2 + 9*a. Give x(4).
4
Let x(a) = -a**2 + 17*a - 65. What is x(8)?
7
Let n(s) = s**2 - 3*s - 15. Give n(7).
13
Let x(o) = -3*o - 55. Determine x(0).
-55
Let z(w) = w**3 - 2*w**2 - w + 57. Give z(0).
57
Let t(g) = -3*g**2 + 15*g - 2. Calculate t(6).
-20
Let t(y) = y**3 - 3*y**2 - 2*y. Calculate t(4).
8
Let f(l) = -4*l - 80. Determine f(-21).
4
Let l(f) = -f**3 - 4*f**2 + 9*f + 23. Determine l(-6).
41
Let j(v) = v**3 + 6*v**2 - 11*v - 21. Give j(-7).
7
Let x(y) = y**3 - 13*y**2 - 13*y - 18. Determine x(14).
-4
Let h(a) = 2*a**2 - 16*a - 1. Give h(6).
-25
Let z(f) = f**2 - 22*f + 38. Give z(16).
-58
Let b(x) = -x**3 - 8*x**2 - 7*x - 14. Give b(-8).
42
Let t(g) = -g**3 - 8*g**2 - 9*g - 14. What is t(-7)?
0
Let u(r) = 51*r - 75. Calculate u(1).
-24
Let d(s) = s**3 + 14*s**2 - 17*s - 33. Determine d(-15).
-3
Let x(n) = n**2 - 1. Determine x(8).
63
Let t(w) = -7*w + 1. Give t(-1).
8
Let y(a) = a**3 - 10*a**2 + 6*a + 13. Give y(9).
-14
Let s(w) = -w**3 - 16*w**2 + w + 18. Calculate s(-16).
2
Let f(i) = i - 14. What is f(23)?
9
Let o(h) = h**3 + 2*h**2 + 8*h + 19. Give o(-3).
-14
Let m(v) = 2*v**2 - 45*v - 32. Give m(23).
-9
Let k(t) = -37*t + 426. What is k(11)?
19
Let q(n) = -n**3 + 14*n**2 - 8. Give q(14).
-8
Let u(w) = -w**2 + 20*w + 6. What is u(22)?
-38
Let t(w) = 34*w + 197. Give t(-6).
-7
Let u(g) = 95*g - 571. Give u(6).
-1
Let f(g) = -g**2 + 48*g - 379. Determine f(38).
1
Let b(r) = r**3 + r + 8. What is b(0)?
8
Let w(q) = q + 23. Give w(-8).
15
Let h(s) = -61*s**2 + s - 1. Determine h(1).
-61
Let p(i) = i**3 + 6*i**2 + 2*i - 9. Determine p(-5).
6
Let k(f) = -f**2 + 8*f + 14. Calculate k(10).
-6
Let u(t) = -t**3 - t**2 - 4*t - 6. Determine u(-2).
6
Let s(u) = -u**2 + u + 2. Determine s(5).
-18
Let y(t) = -t + 4. Determine y(6).
-2
Let l(o) = 3*o - 41. Give l(16).
7
Let w(z) = -25*z**3 - z**2 - 2*z - 1. Determine w(-1).
25
Let o(a) = 4*a + 26. Give o(-17).
-42
Let y(l) = -l**3 - 5*l**2 - 3. Determine y(-5).
-3
Let j(v) = v**2 - 11*v + 25. Give j(11).
25
Let y(h) = -h**2 - 2*h - 1. Give y(-4).
-9
Let a(g) = g**3 + g**2 - g + 4. What is a(0)?
4
Let c(f) = 3*f**3 - 4*f - 4. Give c(-1).
-3
Let c(o) = o**3 + 14*o**2 + 23*o + 129. Calculate c(-13).
-1
Let c(d) = -d**2 - 53*d + 292. Calculate c(5).
2
Let k(j) = 12*j + 60. Calculate k(-4).
12
Let n(p) = 9*p - 114. Give n(13).
3
Let u(